{"id":1388,"date":"2021-11-13T12:23:17","date_gmt":"2021-11-13T12:23:17","guid":{"rendered":"https:\/\/selys-milonguero.tango-events.be\/?page_id=199"},"modified":"2026-03-13T10:32:44","modified_gmt":"2026-03-13T10:32:44","slug":"registration-3","status":"publish","type":"page","link":"https:\/\/selysmilonguero.be\/?page_id=1388","title":{"rendered":"Registration announcement"},"content":{"rendered":"\t\t<div data-elementor-type=\"wp-page\" data-elementor-id=\"1388\" class=\"elementor elementor-1388\">\n\t\t\t\t\t\t<section class=\"elementor-section elementor-top-section elementor-element elementor-element-bc6009a elementor-section-full_width elementor-section-content-middle elementor-section-height-default elementor-section-height-default\" data-id=\"bc6009a\" data-element_type=\"section\" data-e-type=\"section\">\n\t\t\t\t\t\t<div class=\"elementor-container elementor-column-gap-default\">\n\t\t\t\t\t<div class=\"elementor-column elementor-col-100 elementor-top-column elementor-element elementor-element-436afa2\" data-id=\"436afa2\" data-element_type=\"column\" data-e-type=\"column\" data-settings=\"{&quot;background_background&quot;:&quot;classic&quot;}\">\n\t\t\t<div class=\"elementor-widget-wrap elementor-element-populated\">\n\t\t\t\t\t\t<div class=\"elementor-element elementor-element-9c349f6 elementor-widget-tablet__width-inherit elementor-widget elementor-widget-heading\" data-id=\"9c349f6\" data-element_type=\"widget\" data-e-type=\"widget\" data-widget_type=\"heading.default\">\n\t\t\t\t<div class=\"elementor-widget-container\">\n\t\t\t\t\t<h6 class=\"elementor-heading-title elementor-size-default\">Registration opens on <span style=\"color: #ff0000\">1 September<\/span> at <span style=\"color: #ff0000\">20<\/span>:00 CET<\/h6>\t\t\t\t<\/div>\n\t\t\t\t<\/div>\n\t\t\t\t\t<\/div>\n\t\t<\/div>\n\t\t\t\t\t<\/div>\n\t\t<\/section>\n\t\t\t\t<section class=\"elementor-section elementor-top-section elementor-element elementor-element-0276120 elementor-section-boxed elementor-section-height-default elementor-section-height-default\" data-id=\"0276120\" data-element_type=\"section\" data-e-type=\"section\">\n\t\t\t\t\t\t<div class=\"elementor-container elementor-column-gap-default\">\n\t\t\t\t\t<div class=\"elementor-column elementor-col-100 elementor-top-column elementor-element elementor-element-1218c42\" data-id=\"1218c42\" data-element_type=\"column\" data-e-type=\"column\">\n\t\t\t<div class=\"elementor-widget-wrap elementor-element-populated\">\n\t\t\t\t\t\t<div class=\"elementor-element elementor-element-237fb03 elementor-widget__width-initial elementor-widget-mobile__width-inherit elementor-widget elementor-widget-text-editor\" data-id=\"237fb03\" data-element_type=\"widget\" data-e-type=\"widget\" data-widget_type=\"text-editor.default\">\n\t\t\t\t<div class=\"elementor-widget-container\">\n\t\t\t\t\t\t\t\t\t<p>Please note that admission to S\u00e9lys Milonguero <span style=\"text-decoration: underline;\">does not depend on the time of registration<\/span>. This page will remain open for at least a few more days, giving you plenty of time to register. No rush!<\/p>\t\t\t\t\t\t\t\t<\/div>\n\t\t\t\t<\/div>\n\t\t\t\t\t<\/div>\n\t\t<\/div>\n\t\t\t\t\t<\/div>\n\t\t<\/section>\n\t\t\t\t<section class=\"elementor-section elementor-top-section elementor-element elementor-element-6c25ca8 elementor-section-boxed elementor-section-height-default elementor-section-height-default\" data-id=\"6c25ca8\" data-element_type=\"section\" data-e-type=\"section\">\n\t\t\t\t\t\t<div class=\"elementor-container elementor-column-gap-default\">\n\t\t\t\t\t<div class=\"elementor-column elementor-col-33 elementor-top-column elementor-element elementor-element-ffb9add\" data-id=\"ffb9add\" data-element_type=\"column\" data-e-type=\"column\">\n\t\t\t<div class=\"elementor-widget-wrap\">\n\t\t\t\t\t\t\t<\/div>\n\t\t<\/div>\n\t\t\t\t<div class=\"elementor-column elementor-col-33 elementor-top-column elementor-element elementor-element-c8145eb\" data-id=\"c8145eb\" data-element_type=\"column\" data-e-type=\"column\">\n\t\t\t<div class=\"elementor-widget-wrap elementor-element-populated\">\n\t\t\t\t\t\t<div class=\"elementor-element elementor-element-9bbfa49 elementor-widget elementor-widget-image\" data-id=\"9bbfa49\" data-element_type=\"widget\" data-e-type=\"widget\" data-widget_type=\"image.default\">\n\t\t\t\t<div class=\"elementor-widget-container\">\n\t\t\t\t\t\t\t\t\t\t\t\t\t\t\t<img fetchpriority=\"high\" decoding=\"async\" width=\"300\" height=\"200\" src=\"https:\/\/selysmilonguero.be\/wp-content\/uploads\/2022\/11\/Clock-Grand-Junction-300x200.jpg\" class=\"attachment-medium size-medium wp-image-1247\" alt=\"\" srcset=\"https:\/\/selysmilonguero.be\/wp-content\/uploads\/2022\/11\/Clock-Grand-Junction-300x200.jpg 300w, https:\/\/selysmilonguero.be\/wp-content\/uploads\/2022\/11\/Clock-Grand-Junction-1024x683.jpg 1024w, https:\/\/selysmilonguero.be\/wp-content\/uploads\/2022\/11\/Clock-Grand-Junction-768x512.jpg 768w, https:\/\/selysmilonguero.be\/wp-content\/uploads\/2022\/11\/Clock-Grand-Junction.jpg 1200w\" sizes=\"100vw\" \/>\t\t\t\t\t\t\t\t\t\t\t\t\t\t\t<\/div>\n\t\t\t\t<\/div>\n\t\t\t\t\t<\/div>\n\t\t<\/div>\n\t\t\t\t<div class=\"elementor-column elementor-col-33 elementor-top-column elementor-element elementor-element-f2f7ef8\" data-id=\"f2f7ef8\" data-element_type=\"column\" data-e-type=\"column\">\n\t\t\t<div class=\"elementor-widget-wrap\">\n\t\t\t\t\t\t\t<\/div>\n\t\t<\/div>\n\t\t\t\t\t<\/div>\n\t\t<\/section>\n\t\t\t\t<\/div>\n\t\t","protected":false},"excerpt":{"rendered":"<p>Registration opens on 1 September at 20:00 CET Please note that admission to S\u00e9lys Milonguero does not depend on the time of registration. This page will remain open for at least a few more days, giving you plenty of time to register. No rush!<\/p>\n","protected":false},"author":1,"featured_media":0,"parent":0,"menu_order":0,"comment_status":"closed","ping_status":"closed","template":"elementor_theme","meta":{"footnotes":""},"class_list":["post-1388","page","type-page","status-publish","hentry"],"yoast_head":"<!-- This site is optimized with the Yoast SEO plugin v27.2 - https:\/\/yoast.com\/product\/yoast-seo-wordpress\/ -->\n<title>Registration announcement - S\u00e9lys Milonguero<\/title>\n<meta name=\"robots\" content=\"index, follow, max-snippet:-1, max-image-preview:large, max-video-preview:-1\" \/>\n<link rel=\"canonical\" href=\"https:\/\/selysmilonguero.be\/?page_id=1388\" \/>\n<meta property=\"og:locale\" content=\"en_US\" \/>\n<meta property=\"og:type\" content=\"article\" \/>\n<meta property=\"og:title\" content=\"Registration announcement - S\u00e9lys Milonguero\" \/>\n<meta property=\"og:description\" content=\"Registration opens on 1 September at 20:00 CET Please note that admission to S\u00e9lys Milonguero does not depend on the time of registration. This page will remain open for at least a few more days, giving you plenty of time to register. No rush!\" \/>\n<meta property=\"og:url\" content=\"https:\/\/selysmilonguero.be\/?page_id=1388\" \/>\n<meta property=\"og:site_name\" content=\"S\u00e9lys Milonguero\" \/>\n<meta property=\"article:modified_time\" content=\"2026-03-13T10:32:44+00:00\" \/>\n<meta property=\"og:image\" content=\"https:\/\/selysmilonguero.be\/wp-content\/uploads\/2022\/11\/Clock-Grand-Junction.jpg\" \/>\n\t<meta property=\"og:image:width\" content=\"1200\" \/>\n\t<meta property=\"og:image:height\" content=\"800\" \/>\n\t<meta property=\"og:image:type\" content=\"image\/jpeg\" \/>\n<meta name=\"twitter:card\" content=\"summary_large_image\" \/>\n<meta name=\"twitter:label1\" content=\"Est. reading time\" \/>\n\t<meta name=\"twitter:data1\" content=\"1 minute\" \/>\n<script type=\"application\/ld+json\" class=\"yoast-schema-graph\">{\"@context\":\"https:\/\/schema.org\",\"@graph\":[{\"@type\":\"WebPage\",\"@id\":\"https:\/\/selysmilonguero.be\/?page_id=1388\",\"url\":\"https:\/\/selysmilonguero.be\/?page_id=1388\",\"name\":\"Registration announcement - S\u00e9lys Milonguero\",\"isPartOf\":{\"@id\":\"https:\/\/selysmilonguero.be\/#website\"},\"primaryImageOfPage\":{\"@id\":\"https:\/\/selysmilonguero.be\/?page_id=1388#primaryimage\"},\"image\":{\"@id\":\"https:\/\/selysmilonguero.be\/?page_id=1388#primaryimage\"},\"thumbnailUrl\":\"https:\/\/selysmilonguero.be\/wp-content\/uploads\/2022\/11\/Clock-Grand-Junction-300x200.jpg\",\"datePublished\":\"2021-11-13T12:23:17+00:00\",\"dateModified\":\"2026-03-13T10:32:44+00:00\",\"breadcrumb\":{\"@id\":\"https:\/\/selysmilonguero.be\/?page_id=1388#breadcrumb\"},\"inLanguage\":\"en-US\",\"potentialAction\":[{\"@type\":\"ReadAction\",\"target\":[\"https:\/\/selysmilonguero.be\/?page_id=1388\"]}]},{\"@type\":\"ImageObject\",\"inLanguage\":\"en-US\",\"@id\":\"https:\/\/selysmilonguero.be\/?page_id=1388#primaryimage\",\"url\":\"https:\/\/selysmilonguero.be\/wp-content\/uploads\/2022\/11\/Clock-Grand-Junction.jpg\",\"contentUrl\":\"https:\/\/selysmilonguero.be\/wp-content\/uploads\/2022\/11\/Clock-Grand-Junction.jpg\",\"width\":1200,\"height\":800},{\"@type\":\"BreadcrumbList\",\"@id\":\"https:\/\/selysmilonguero.be\/?page_id=1388#breadcrumb\",\"itemListElement\":[{\"@type\":\"ListItem\",\"position\":1,\"name\":\"Home\",\"item\":\"https:\/\/selysmilonguero.be\/\"},{\"@type\":\"ListItem\",\"position\":2,\"name\":\"Registration announcement\"}]},{\"@type\":\"WebSite\",\"@id\":\"https:\/\/selysmilonguero.be\/#website\",\"url\":\"https:\/\/selysmilonguero.be\/\",\"name\":\"S\u00e9lys Milonguero\",\"description\":\"Hotel Van Der Valk S\u00e9lys Li\u00e8ge\",\"potentialAction\":[{\"@type\":\"SearchAction\",\"target\":{\"@type\":\"EntryPoint\",\"urlTemplate\":\"https:\/\/selysmilonguero.be\/?s={search_term_string}\"},\"query-input\":{\"@type\":\"PropertyValueSpecification\",\"valueRequired\":true,\"valueName\":\"search_term_string\"}}],\"inLanguage\":\"en-US\"}]}<\/script>\n<!-- \/ Yoast SEO plugin. -->","yoast_head_json":{"title":"Registration announcement - S\u00e9lys Milonguero","robots":{"index":"index","follow":"follow","max-snippet":"max-snippet:-1","max-image-preview":"max-image-preview:large","max-video-preview":"max-video-preview:-1"},"canonical":"https:\/\/selysmilonguero.be\/?page_id=1388","og_locale":"en_US","og_type":"article","og_title":"Registration announcement - S\u00e9lys Milonguero","og_description":"Registration opens on 1 September at 20:00 CET Please note that admission to S\u00e9lys Milonguero does not depend on the time of registration. This page will remain open for at least a few more days, giving you plenty of time to register. No rush!","og_url":"https:\/\/selysmilonguero.be\/?page_id=1388","og_site_name":"S\u00e9lys Milonguero","article_modified_time":"2026-03-13T10:32:44+00:00","og_image":[{"width":1200,"height":800,"url":"https:\/\/selysmilonguero.be\/wp-content\/uploads\/2022\/11\/Clock-Grand-Junction.jpg","type":"image\/jpeg"}],"twitter_card":"summary_large_image","twitter_misc":{"Est. reading time":"1 minute"},"schema":{"@context":"https:\/\/schema.org","@graph":[{"@type":"WebPage","@id":"https:\/\/selysmilonguero.be\/?page_id=1388","url":"https:\/\/selysmilonguero.be\/?page_id=1388","name":"Registration announcement - S\u00e9lys Milonguero","isPartOf":{"@id":"https:\/\/selysmilonguero.be\/#website"},"primaryImageOfPage":{"@id":"https:\/\/selysmilonguero.be\/?page_id=1388#primaryimage"},"image":{"@id":"https:\/\/selysmilonguero.be\/?page_id=1388#primaryimage"},"thumbnailUrl":"https:\/\/selysmilonguero.be\/wp-content\/uploads\/2022\/11\/Clock-Grand-Junction-300x200.jpg","datePublished":"2021-11-13T12:23:17+00:00","dateModified":"2026-03-13T10:32:44+00:00","breadcrumb":{"@id":"https:\/\/selysmilonguero.be\/?page_id=1388#breadcrumb"},"inLanguage":"en-US","potentialAction":[{"@type":"ReadAction","target":["https:\/\/selysmilonguero.be\/?page_id=1388"]}]},{"@type":"ImageObject","inLanguage":"en-US","@id":"https:\/\/selysmilonguero.be\/?page_id=1388#primaryimage","url":"https:\/\/selysmilonguero.be\/wp-content\/uploads\/2022\/11\/Clock-Grand-Junction.jpg","contentUrl":"https:\/\/selysmilonguero.be\/wp-content\/uploads\/2022\/11\/Clock-Grand-Junction.jpg","width":1200,"height":800},{"@type":"BreadcrumbList","@id":"https:\/\/selysmilonguero.be\/?page_id=1388#breadcrumb","itemListElement":[{"@type":"ListItem","position":1,"name":"Home","item":"https:\/\/selysmilonguero.be\/"},{"@type":"ListItem","position":2,"name":"Registration announcement"}]},{"@type":"WebSite","@id":"https:\/\/selysmilonguero.be\/#website","url":"https:\/\/selysmilonguero.be\/","name":"S\u00e9lys Milonguero","description":"Hotel Van Der Valk S\u00e9lys Li\u00e8ge","potentialAction":[{"@type":"SearchAction","target":{"@type":"EntryPoint","urlTemplate":"https:\/\/selysmilonguero.be\/?s={search_term_string}"},"query-input":{"@type":"PropertyValueSpecification","valueRequired":true,"valueName":"search_term_string"}}],"inLanguage":"en-US"}]}},"jetpack_sharing_enabled":true,"_links":{"self":[{"href":"https:\/\/selysmilonguero.be\/index.php?rest_route=\/wp\/v2\/pages\/1388","targetHints":{"allow":["GET"]}}],"collection":[{"href":"https:\/\/selysmilonguero.be\/index.php?rest_route=\/wp\/v2\/pages"}],"about":[{"href":"https:\/\/selysmilonguero.be\/index.php?rest_route=\/wp\/v2\/types\/page"}],"author":[{"embeddable":true,"href":"https:\/\/selysmilonguero.be\/index.php?rest_route=\/wp\/v2\/users\/1"}],"replies":[{"embeddable":true,"href":"https:\/\/selysmilonguero.be\/index.php?rest_route=%2Fwp%2Fv2%2Fcomments&post=1388"}],"version-history":[{"count":32,"href":"https:\/\/selysmilonguero.be\/index.php?rest_route=\/wp\/v2\/pages\/1388\/revisions"}],"predecessor-version":[{"id":2535,"href":"https:\/\/selysmilonguero.be\/index.php?rest_route=\/wp\/v2\/pages\/1388\/revisions\/2535"}],"wp:attachment":[{"href":"https:\/\/selysmilonguero.be\/index.php?rest_route=%2Fwp%2Fv2%2Fmedia&parent=1388"}],"curies":[{"name":"wp","href":"https:\/\/api.w.org\/{rel}","templated":true}]}}

<div data-elementor-type="wp-page" data-elementor-id="1388" class="elementor elementor-1388">
						<section class="elementor-section elementor-top-section elementor-element elementor-element-bc6009a elementor-section-full_width elementor-section-content-middle elementor-section-height-default elementor-section-height-default" data-id="bc6009a" data-element_type="section" data-e-type="section">
						<div class="elementor-container elementor-column-gap-default">
					<div class="elementor-column elementor-col-100 elementor-top-column elementor-element elementor-element-436afa2" data-id="436afa2" data-element_type="column" data-e-type="column" data-settings="{&quot;background_background&quot;:&quot;classic&quot;}">
			<div class="elementor-widget-wrap elementor-element-populated">
						<div class="elementor-element elementor-element-9c349f6 elementor-widget-tablet__width-inherit elementor-widget elementor-widget-heading" data-id="9c349f6" data-element_type="widget" data-e-type="widget" data-widget_type="heading.default">
				<div class="elementor-widget-container">
					<h6 class="elementor-heading-title elementor-size-default">Registration opens on <span style="color: #ff0000">1 September</span> at <span style="color: #ff0000">20</span>:00 CET</h6>				</div>
				</div>
					</div>
		</div>
					</div>
		</section>
				<section class="elementor-section elementor-top-section elementor-element elementor-element-0276120 elementor-section-boxed elementor-section-height-default elementor-section-height-default" data-id="0276120" data-element_type="section" data-e-type="section">
						<div class="elementor-container elementor-column-gap-default">
					<div class="elementor-column elementor-col-100 elementor-top-column elementor-element elementor-element-1218c42" data-id="1218c42" data-element_type="column" data-e-type="column">
			<div class="elementor-widget-wrap elementor-element-populated">
						<div class="elementor-element elementor-element-237fb03 elementor-widget__width-initial elementor-widget-mobile__width-inherit elementor-widget elementor-widget-text-editor" data-id="237fb03" data-element_type="widget" data-e-type="widget" data-widget_type="text-editor.default">
				<div class="elementor-widget-container">
									<p>Please note that admission to Sélys Milonguero <span style="text-decoration: underline;">does not depend on the time of registration</span>. This page will remain open for at least a few more days, giving you plenty of time to register. No rush!</p>								</div>
				</div>
					</div>
		</div>
					</div>
		</section>
				<section class="elementor-section elementor-top-section elementor-element elementor-element-6c25ca8 elementor-section-boxed elementor-section-height-default elementor-section-height-default" data-id="6c25ca8" data-element_type="section" data-e-type="section">
						<div class="elementor-container elementor-column-gap-default">
					<div class="elementor-column elementor-col-33 elementor-top-column elementor-element elementor-element-ffb9add" data-id="ffb9add" data-element_type="column" data-e-type="column">
			<div class="elementor-widget-wrap">
							</div>
		</div>
				<div class="elementor-column elementor-col-33 elementor-top-column elementor-element elementor-element-c8145eb" data-id="c8145eb" data-element_type="column" data-e-type="column">
			<div class="elementor-widget-wrap elementor-element-populated">
						<div class="elementor-element elementor-element-9bbfa49 elementor-widget elementor-widget-image" data-id="9bbfa49" data-element_type="widget" data-e-type="widget" data-widget_type="image.default">
				<div class="elementor-widget-container">
															<img fetchpriority="high" decoding="async" width="300" height="200" src="https://selysmilonguero.be/wp-content/uploads/2022/11/Clock-Grand-Junction-300x200.jpg" class="attachment-medium size-medium wp-image-1247" alt="" srcset="https://selysmilonguero.be/wp-content/uploads/2022/11/Clock-Grand-Junction-300x200.jpg 300w, https://selysmilonguero.be/wp-content/uploads/2022/11/Clock-Grand-Junction-1024x683.jpg 1024w, https://selysmilonguero.be/wp-content/uploads/2022/11/Clock-Grand-Junction-768x512.jpg 768w, https://selysmilonguero.be/wp-content/uploads/2022/11/Clock-Grand-Junction.jpg 1200w" sizes="100vw" />															</div>
				</div>
					</div>
		</div>
				<div class="elementor-column elementor-col-33 elementor-top-column elementor-element elementor-element-f2f7ef8" data-id="f2f7ef8" data-element_type="column" data-e-type="column">
			<div class="elementor-widget-wrap">
							</div>
		</div>
					</div>
		</section>
				</div>

<p>Registration opens on 1 September at 20:00 CET Please note that admission to Sélys Milonguero does not depend on the time of registration. This page will remain open for at least a few more days, giving you plenty of time to register. No rush!</p>

<!-- This site is optimized with the Yoast SEO plugin v27.2 - https://yoast.com/product/yoast-seo-wordpress/ -->
<title>Registration announcement - Sélys Milonguero</title>
<meta name="robots" content="index, follow, max-snippet:-1, max-image-preview:large, max-video-preview:-1" />
<link rel="canonical" href="https://selysmilonguero.be/?page_id=1388" />
<meta property="og:locale" content="en_US" />
<meta property="og:type" content="article" />
<meta property="og:title" content="Registration announcement - Sélys Milonguero" />
<meta property="og:description" content="Registration opens on 1 September at 20:00 CET Please note that admission to Sélys Milonguero does not depend on the time of registration. This page will remain open for at least a few more days, giving you plenty of time to register. No rush!" />
<meta property="og:url" content="https://selysmilonguero.be/?page_id=1388" />
<meta property="og:site_name" content="Sélys Milonguero" />
<meta property="article:modified_time" content="2026-03-13T10:32:44+00:00" />
<meta property="og:image" content="https://selysmilonguero.be/wp-content/uploads/2022/11/Clock-Grand-Junction.jpg" />
	<meta property="og:image:width" content="1200" />
	<meta property="og:image:height" content="800" />
	<meta property="og:image:type" content="image/jpeg" />
<meta name="twitter:card" content="summary_large_image" />
<meta name="twitter:label1" content="Est. reading time" />
	<meta name="twitter:data1" content="1 minute" />
<script type="application/ld+json" class="yoast-schema-graph">{"@context":"https://schema.org","@graph":[{"@type":"WebPage","@id":"https://selysmilonguero.be/?page_id=1388","url":"https://selysmilonguero.be/?page_id=1388","name":"Registration announcement - Sélys Milonguero","isPartOf":{"@id":"https://selysmilonguero.be/#website"},"primaryImageOfPage":{"@id":"https://selysmilonguero.be/?page_id=1388#primaryimage"},"image":{"@id":"https://selysmilonguero.be/?page_id=1388#primaryimage"},"thumbnailUrl":"https://selysmilonguero.be/wp-content/uploads/2022/11/Clock-Grand-Junction-300x200.jpg","datePublished":"2021-11-13T12:23:17+00:00","dateModified":"2026-03-13T10:32:44+00:00","breadcrumb":{"@id":"https://selysmilonguero.be/?page_id=1388#breadcrumb"},"inLanguage":"en-US","potentialAction":[{"@type":"ReadAction","target":["https://selysmilonguero.be/?page_id=1388"]}]},{"@type":"ImageObject","inLanguage":"en-US","@id":"https://selysmilonguero.be/?page_id=1388#primaryimage","url":"https://selysmilonguero.be/wp-content/uploads/2022/11/Clock-Grand-Junction.jpg","contentUrl":"https://selysmilonguero.be/wp-content/uploads/2022/11/Clock-Grand-Junction.jpg","width":1200,"height":800},{"@type":"BreadcrumbList","@id":"https://selysmilonguero.be/?page_id=1388#breadcrumb","itemListElement":[{"@type":"ListItem","position":1,"name":"Home","item":"https://selysmilonguero.be/"},{"@type":"ListItem","position":2,"name":"Registration announcement"}]},{"@type":"WebSite","@id":"https://selysmilonguero.be/#website","url":"https://selysmilonguero.be/","name":"Sélys Milonguero","description":"Hotel Van Der Valk Sélys Liège","potentialAction":[{"@type":"SearchAction","target":{"@type":"EntryPoint","urlTemplate":"https://selysmilonguero.be/?s={search_term_string}"},"query-input":{"@type":"PropertyValueSpecification","valueRequired":true,"valueName":"search_term_string"}}],"inLanguage":"en-US"}]}</script>
<!-- / Yoast SEO plugin. -->

Registration announcement - Sélys Milonguero

Registration opens on 1 September at 20:00 CET Please note that admission to Sélys Milonguero does not depend on the time of registration. This page will remain open for at least a few more days, giving you plenty of time to register. No rush!

Sélys Milonguero

Hotel Van Der Valk Sélys Liège
