{"id":827,"date":"2021-11-19T11:58:31","date_gmt":"2021-11-19T11:58:31","guid":{"rendered":"https:\/\/selys-milonguero.tango-events.be\/?page_id=827"},"modified":"2025-09-12T03:25:43","modified_gmt":"2025-09-12T03:25:43","slug":"closed","status":"publish","type":"page","link":"https:\/\/selysmilonguero.be\/?page_id=827","title":{"rendered":"Registration closed"},"content":{"rendered":"\t\t<div data-elementor-type=\"wp-page\" data-elementor-id=\"827\" class=\"elementor elementor-827\">\n\t\t\t\t\t\t<section class=\"elementor-section elementor-top-section elementor-element elementor-element-6ec998d elementor-section-boxed elementor-section-height-default elementor-section-height-default\" data-id=\"6ec998d\" data-element_type=\"section\" data-e-type=\"section\">\n\t\t\t\t\t\t<div class=\"elementor-container elementor-column-gap-default\">\n\t\t\t\t\t<div class=\"elementor-column elementor-col-100 elementor-top-column elementor-element elementor-element-00b2887\" data-id=\"00b2887\" data-element_type=\"column\" data-e-type=\"column\">\n\t\t\t<div class=\"elementor-widget-wrap elementor-element-populated\">\n\t\t\t\t\t\t\t<\/div>\n\t\t<\/div>\n\t\t\t\t\t<\/div>\n\t\t<\/section>\n\t\t\t\t<section class=\"elementor-section elementor-top-section elementor-element elementor-element-7fc8d34 elementor-section-boxed elementor-section-height-default elementor-section-height-default\" data-id=\"7fc8d34\" data-element_type=\"section\" data-e-type=\"section\">\n\t\t\t\t\t\t<div class=\"elementor-container elementor-column-gap-default\">\n\t\t\t\t\t<div class=\"elementor-column elementor-col-100 elementor-top-column elementor-element elementor-element-fbaade7\" data-id=\"fbaade7\" data-element_type=\"column\" data-e-type=\"column\">\n\t\t\t<div class=\"elementor-widget-wrap elementor-element-populated\">\n\t\t\t\t\t\t<div class=\"elementor-element elementor-element-7833804 elementor-widget elementor-widget-image\" data-id=\"7833804\" data-element_type=\"widget\" data-e-type=\"widget\" data-widget_type=\"image.default\">\n\t\t\t\t<div class=\"elementor-widget-container\">\n\t\t\t\t\t\t\t\t\t\t\t\t\t\t\t<img fetchpriority=\"high\" decoding=\"async\" width=\"512\" height=\"305\" src=\"https:\/\/selysmilonguero.be\/wp-content\/uploads\/2023\/10\/Sold-Out-Red-Icon-Transparent-PNG.png\" class=\"attachment-large size-large wp-image-1864\" alt=\"\" srcset=\"https:\/\/selysmilonguero.be\/wp-content\/uploads\/2023\/10\/Sold-Out-Red-Icon-Transparent-PNG.png 512w, https:\/\/selysmilonguero.be\/wp-content\/uploads\/2023\/10\/Sold-Out-Red-Icon-Transparent-PNG-300x179.png 300w\" sizes=\"100vw\" \/>\t\t\t\t\t\t\t\t\t\t\t\t\t\t\t<\/div>\n\t\t\t\t<\/div>\n\t\t\t\t\t<\/div>\n\t\t<\/div>\n\t\t\t\t\t<\/div>\n\t\t<\/section>\n\t\t\t\t<section class=\"elementor-section elementor-top-section elementor-element elementor-element-ed7474e elementor-section-boxed elementor-section-height-default elementor-section-height-default\" data-id=\"ed7474e\" data-element_type=\"section\" data-e-type=\"section\">\n\t\t\t\t\t\t<div class=\"elementor-container elementor-column-gap-default\">\n\t\t\t\t\t<div class=\"elementor-column elementor-col-100 elementor-top-column elementor-element elementor-element-7aab49b\" data-id=\"7aab49b\" data-element_type=\"column\" data-e-type=\"column\">\n\t\t\t<div class=\"elementor-widget-wrap elementor-element-populated\">\n\t\t\t\t\t\t<div class=\"elementor-element elementor-element-1685e27 elementor-widget elementor-widget-text-editor\" data-id=\"1685e27\" data-element_type=\"widget\" data-e-type=\"widget\" data-widget_type=\"text-editor.default\">\n\t\t\t\t<div class=\"elementor-widget-container\">\n\t\t\t\t\t\t\t\t\tRegistrations are closed, but we hope to have your interest for a next edition.<br>Thank you for visiting our website <a href=\"https:\/\/selysmilonguero.be\">selysmilonguero.be<\/a>.\t\t\t\t\t\t\t\t<\/div>\n\t\t\t\t<\/div>\n\t\t\t\t\t<\/div>\n\t\t<\/div>\n\t\t\t\t\t<\/div>\n\t\t<\/section>\n\t\t\t\t<\/div>\n\t\t","protected":false},"excerpt":{"rendered":"<p>Registrations are closed, but we hope to have your interest for a next edition.Thank you for visiting our website selysmilonguero.be.<\/p>\n","protected":false},"author":1,"featured_media":0,"parent":0,"menu_order":0,"comment_status":"closed","ping_status":"closed","template":"elementor_theme","meta":{"footnotes":""},"class_list":["post-827","page","type-page","status-publish","hentry"],"yoast_head":"<!-- This site is optimized with the Yoast SEO plugin v27.2 - https:\/\/yoast.com\/product\/yoast-seo-wordpress\/ -->\n<title>Registration closed - S\u00e9lys Milonguero<\/title>\n<meta name=\"robots\" content=\"index, follow, max-snippet:-1, max-image-preview:large, max-video-preview:-1\" \/>\n<link rel=\"canonical\" href=\"https:\/\/selysmilonguero.be\/?page_id=827\" \/>\n<meta property=\"og:locale\" content=\"en_US\" \/>\n<meta property=\"og:type\" content=\"article\" \/>\n<meta property=\"og:title\" content=\"Registration closed - S\u00e9lys Milonguero\" \/>\n<meta property=\"og:description\" content=\"Registrations are closed, but we hope to have your interest for a next edition.Thank you for visiting our website selysmilonguero.be.\" \/>\n<meta property=\"og:url\" content=\"https:\/\/selysmilonguero.be\/?page_id=827\" \/>\n<meta property=\"og:site_name\" content=\"S\u00e9lys Milonguero\" \/>\n<meta property=\"article:modified_time\" content=\"2025-09-12T03:25:43+00:00\" \/>\n<meta property=\"og:image\" content=\"https:\/\/selysmilonguero.be\/wp-content\/uploads\/2023\/10\/Sold-Out-Red-Icon-Transparent-PNG.png\" \/>\n<meta name=\"twitter:card\" content=\"summary_large_image\" \/>\n<meta name=\"twitter:label1\" content=\"Est. reading time\" \/>\n\t<meta name=\"twitter:data1\" content=\"1 minute\" \/>\n<script type=\"application\/ld+json\" class=\"yoast-schema-graph\">{\"@context\":\"https:\/\/schema.org\",\"@graph\":[{\"@type\":\"WebPage\",\"@id\":\"https:\/\/selysmilonguero.be\/?page_id=827\",\"url\":\"https:\/\/selysmilonguero.be\/?page_id=827\",\"name\":\"Registration closed - S\u00e9lys Milonguero\",\"isPartOf\":{\"@id\":\"https:\/\/selysmilonguero.be\/#website\"},\"primaryImageOfPage\":{\"@id\":\"https:\/\/selysmilonguero.be\/?page_id=827#primaryimage\"},\"image\":{\"@id\":\"https:\/\/selysmilonguero.be\/?page_id=827#primaryimage\"},\"thumbnailUrl\":\"https:\/\/selysmilonguero.be\/wp-content\/uploads\/2023\/10\/Sold-Out-Red-Icon-Transparent-PNG.png\",\"datePublished\":\"2021-11-19T11:58:31+00:00\",\"dateModified\":\"2025-09-12T03:25:43+00:00\",\"breadcrumb\":{\"@id\":\"https:\/\/selysmilonguero.be\/?page_id=827#breadcrumb\"},\"inLanguage\":\"en-US\",\"potentialAction\":[{\"@type\":\"ReadAction\",\"target\":[\"https:\/\/selysmilonguero.be\/?page_id=827\"]}]},{\"@type\":\"ImageObject\",\"inLanguage\":\"en-US\",\"@id\":\"https:\/\/selysmilonguero.be\/?page_id=827#primaryimage\",\"url\":\"https:\/\/selysmilonguero.be\/wp-content\/uploads\/2023\/10\/Sold-Out-Red-Icon-Transparent-PNG.png\",\"contentUrl\":\"https:\/\/selysmilonguero.be\/wp-content\/uploads\/2023\/10\/Sold-Out-Red-Icon-Transparent-PNG.png\",\"width\":512,\"height\":305},{\"@type\":\"BreadcrumbList\",\"@id\":\"https:\/\/selysmilonguero.be\/?page_id=827#breadcrumb\",\"itemListElement\":[{\"@type\":\"ListItem\",\"position\":1,\"name\":\"Home\",\"item\":\"https:\/\/selysmilonguero.be\/\"},{\"@type\":\"ListItem\",\"position\":2,\"name\":\"Registration closed\"}]},{\"@type\":\"WebSite\",\"@id\":\"https:\/\/selysmilonguero.be\/#website\",\"url\":\"https:\/\/selysmilonguero.be\/\",\"name\":\"S\u00e9lys Milonguero\",\"description\":\"Hotel Van Der Valk S\u00e9lys Li\u00e8ge\",\"potentialAction\":[{\"@type\":\"SearchAction\",\"target\":{\"@type\":\"EntryPoint\",\"urlTemplate\":\"https:\/\/selysmilonguero.be\/?s={search_term_string}\"},\"query-input\":{\"@type\":\"PropertyValueSpecification\",\"valueRequired\":true,\"valueName\":\"search_term_string\"}}],\"inLanguage\":\"en-US\"}]}<\/script>\n<!-- \/ Yoast SEO plugin. -->","yoast_head_json":{"title":"Registration closed - S\u00e9lys Milonguero","robots":{"index":"index","follow":"follow","max-snippet":"max-snippet:-1","max-image-preview":"max-image-preview:large","max-video-preview":"max-video-preview:-1"},"canonical":"https:\/\/selysmilonguero.be\/?page_id=827","og_locale":"en_US","og_type":"article","og_title":"Registration closed - S\u00e9lys Milonguero","og_description":"Registrations are closed, but we hope to have your interest for a next edition.Thank you for visiting our website selysmilonguero.be.","og_url":"https:\/\/selysmilonguero.be\/?page_id=827","og_site_name":"S\u00e9lys Milonguero","article_modified_time":"2025-09-12T03:25:43+00:00","og_image":[{"url":"https:\/\/selysmilonguero.be\/wp-content\/uploads\/2023\/10\/Sold-Out-Red-Icon-Transparent-PNG.png","type":"","width":"","height":""}],"twitter_card":"summary_large_image","twitter_misc":{"Est. reading time":"1 minute"},"schema":{"@context":"https:\/\/schema.org","@graph":[{"@type":"WebPage","@id":"https:\/\/selysmilonguero.be\/?page_id=827","url":"https:\/\/selysmilonguero.be\/?page_id=827","name":"Registration closed - S\u00e9lys Milonguero","isPartOf":{"@id":"https:\/\/selysmilonguero.be\/#website"},"primaryImageOfPage":{"@id":"https:\/\/selysmilonguero.be\/?page_id=827#primaryimage"},"image":{"@id":"https:\/\/selysmilonguero.be\/?page_id=827#primaryimage"},"thumbnailUrl":"https:\/\/selysmilonguero.be\/wp-content\/uploads\/2023\/10\/Sold-Out-Red-Icon-Transparent-PNG.png","datePublished":"2021-11-19T11:58:31+00:00","dateModified":"2025-09-12T03:25:43+00:00","breadcrumb":{"@id":"https:\/\/selysmilonguero.be\/?page_id=827#breadcrumb"},"inLanguage":"en-US","potentialAction":[{"@type":"ReadAction","target":["https:\/\/selysmilonguero.be\/?page_id=827"]}]},{"@type":"ImageObject","inLanguage":"en-US","@id":"https:\/\/selysmilonguero.be\/?page_id=827#primaryimage","url":"https:\/\/selysmilonguero.be\/wp-content\/uploads\/2023\/10\/Sold-Out-Red-Icon-Transparent-PNG.png","contentUrl":"https:\/\/selysmilonguero.be\/wp-content\/uploads\/2023\/10\/Sold-Out-Red-Icon-Transparent-PNG.png","width":512,"height":305},{"@type":"BreadcrumbList","@id":"https:\/\/selysmilonguero.be\/?page_id=827#breadcrumb","itemListElement":[{"@type":"ListItem","position":1,"name":"Home","item":"https:\/\/selysmilonguero.be\/"},{"@type":"ListItem","position":2,"name":"Registration closed"}]},{"@type":"WebSite","@id":"https:\/\/selysmilonguero.be\/#website","url":"https:\/\/selysmilonguero.be\/","name":"S\u00e9lys Milonguero","description":"Hotel Van Der Valk S\u00e9lys Li\u00e8ge","potentialAction":[{"@type":"SearchAction","target":{"@type":"EntryPoint","urlTemplate":"https:\/\/selysmilonguero.be\/?s={search_term_string}"},"query-input":{"@type":"PropertyValueSpecification","valueRequired":true,"valueName":"search_term_string"}}],"inLanguage":"en-US"}]}},"jetpack_sharing_enabled":true,"_links":{"self":[{"href":"https:\/\/selysmilonguero.be\/index.php?rest_route=\/wp\/v2\/pages\/827","targetHints":{"allow":["GET"]}}],"collection":[{"href":"https:\/\/selysmilonguero.be\/index.php?rest_route=\/wp\/v2\/pages"}],"about":[{"href":"https:\/\/selysmilonguero.be\/index.php?rest_route=\/wp\/v2\/types\/page"}],"author":[{"embeddable":true,"href":"https:\/\/selysmilonguero.be\/index.php?rest_route=\/wp\/v2\/users\/1"}],"replies":[{"embeddable":true,"href":"https:\/\/selysmilonguero.be\/index.php?rest_route=%2Fwp%2Fv2%2Fcomments&post=827"}],"version-history":[{"count":24,"href":"https:\/\/selysmilonguero.be\/index.php?rest_route=\/wp\/v2\/pages\/827\/revisions"}],"predecessor-version":[{"id":2490,"href":"https:\/\/selysmilonguero.be\/index.php?rest_route=\/wp\/v2\/pages\/827\/revisions\/2490"}],"wp:attachment":[{"href":"https:\/\/selysmilonguero.be\/index.php?rest_route=%2Fwp%2Fv2%2Fmedia&parent=827"}],"curies":[{"name":"wp","href":"https:\/\/api.w.org\/{rel}","templated":true}]}}